Blahová 07/23/2019
 Last update: 12:17
Updated every 10 minutes
 Cold 
 Akt.temp: 30.5°C
 Max.temp: 30.5°C
 Min.temp: 18.6°C
 Devpoint: 16.9 °C
 Wind speed: 4.2m/s
 Wind direction: W
 Max wind gust: 8.4m/s
 Precipitation: 0.0mm
 Pressure: 1021.7 hPa
 P.tendency: -0.5 hPa/3h
 Humidity: 44%
 Abs.humidity: 13.71 g/m3
Ground temperature
Min.temp 17.7°C /01:37
Akt.temp
33.6°C

2019: Jan | Feb | Mar | Apr | May | Jun | Jul | Aug | Sep | Oct | Nov | Dec 
2018: Jan | Feb | Mar | Apr | May | Jun | Jul | Aug | Sep | Oct | Nov | Dec 
2017: Jan | Feb | Mar | Apr | May | Jun | Jul | Aug | Sep | Oct | Nov | Dec 
2016: Jan | Feb | Mar | Apr | May | Jun | Jul | Aug | Sep | Oct | Nov | Dec 
2015: Jan | Feb | Mar | Apr | May | Jun | Jul | Aug | Sep | Oct | Nov | Dec 
2014: Jan | Feb | Mar | Apr | May | Jun | Jul | Aug | Sep | Oct | Nov | Dec 
2013: Jan | Feb | Mar | Apr | May | Jun | Jul | Aug | Sep | Oct | Nov | Dec 
2012: Jan | Feb | Mar | Apr | May | Jun | Jul | Aug | Sep | Oct | Nov | Dec 
2011: Jan | Feb | Mar | Apr | May | Jun | Jul | Aug | Sep | Oct | Nov | Dec 
2010: Jan | Feb | Mar | Apr | May | Jun | Jul | Aug | Sep | Oct | Nov | Dec 
2009: Jan | Feb | Mar | Apr | May | Jun | Jul | Aug | Sep | Oct | Nov | Dec 
2008: Jan | Feb | Mar | Apr | May | Jun | Jul | Aug | Sep | Oct | Nov | Dec 
2007: Jan | Feb | Mar | Apr | May | Jun | Jul | Aug | Sep | Oct | Nov | Dec 

Report for 2019 07
MONTHLY CLIMATOLOGICAL SUMMARY for July 2019 CITY: Blahova ELEV: 117 m LAT: 48° 2' 0" North LONG: 17° 6' 0" East TEMPERATURE (°C), BAROMETER (hPa), RAIN (mm), WIND SPEED (m/s) MEAN TEMPERATURE WIND DOM trans Ground DAY TEMP HIGH TIME LOW TIME HUM Baro Rain SPEED HIGH TIME DIR pirat min.temp time ------------------------------------------------------------------------------------------------------------------------------ 1 26.4 35.3 14:35 17.9 04:04 61 1014.8 0.0 1.5 12.8 18:02 E 8.6 16.7 01:31 2 23.4 29.1 11:10 18.5 23:58 66 1015.7 0.0 1.6 8.1 14:12 W-NW 4.4 16.8 23:53 3 21.1 27.9 13:25 15.3 23:14 53 1018.8 0.0 1.7 7.9 13:22 N-NW 5.9 13.6 23:52 4 20.9 28.0 13:33 13.2 04:13 54 1018.9 0.0 1.1 6.8 06:05 N 6.2 11.6 03:52 5 22.0 29.4 12:25 12.9 04:29 56 1013.8 0.0 1.3 8.9 13:22 N-NE 6.9 12.6 04:05 6 25.9 32.6 14:09 13.2 03:37 57 1008.6 0.0 1.7 7.8 12:42 S-SW 8.0 12.6 02:43 7 23.0 30.6 11:54 18.3 23:56 61 1008.5 0.1 2.9 11.8 14:33 W 4.6 17.1 23:59 8 19.4 24.7 15:06 14.1 03:50 53 1013.8 0.0 1.5 7.3 14:49 W 4.9 13.2 03:45 9 18.6 24.1 12:58 12.0 05:08 52 1014.8 0.0 2.2 7.6 12:57 N-NW 4.8 11.6 04:34 10 18.5 22.9 15:02 11.4 23:58 51 1014.7 0.0 1.8 12.8 22:24 W 4.1 10.4 23:55 11 19.1 26.5 13:28 9.1 04:26 55 1012.0 0.0 0.8 8.1 15:08 W 5.4 8.6 04:06 12 17.8 19.5 13:16 12.7 01:40 74 1011.3 12.6 0.8 6.6 21:19 N 1.5 11.9 01:41 13 17.2 21.4 14:30 14.4 04:18 74 1010.1 3.9 2.1 8.4 13:48 W 2.1 13.4 02:16 14 19.1 25.8 13:08 14.6 23:58 68 1011.4 0.1 2.4 10.1 14:48 W 3.6 13.6 23:52 15 19.7 26.4 14:42 13.2 01:26 59 1012.5 0.0 1.6 7.7 15:28 N-NW 5.4 12.4 01:20 16 21.0 27.7 14:00 11.3 04:00 60 1012.9 0.0 1.8 8.7 13:58 W 5.3 10.9 03:58 17 20.8 26.8 14:34 12.7 04:36 62 1012.2 0.0 1.1 7.2 12:38 W 5.0 12.2 03:58 18 21.0 27.8 14:38 15.3 05:02 64 1013.0 1.6 0.9 4.6 00:23 E-NE 5.3 14.7 05:14 19 23.2 30.4 14:20 14.3 04:22 64 1015.9 0.0 0.6 7.7 15:28 S-SE 6.8 13.5 04:14 20 26.0 32.7 14:02 17.0 04:50 58 1017.3 0.0 2.0 7.3 13:37 SE 7.6 15.7 04:38 21 22.4 29.7 12:26 17.7 23:46 68 1021.6 0.0 1.2 11.7 14:48 E-NE 4.3 17.0 23:56 22 23.8 30.6 13:10 15.4 02:56 62 1023.1 0.0 0.8 6.2 16:38 E-NE 7.0 14.6 02:56 ------------------------------------------------------------------------------------------------------------------------------ Avg: 21.4 35.3 1 9.1 11 60 1014.3 18.4 1.5 12.8 1 W 117.5 Wind Run 3918.2km Calm Values 0 Calm in % 0.0% Sun 143:50 h Distribution WD Values 30826 Distribution WD N-NO 5.317% Distribution WD NO 1.314% Distribution WD NO-O 4.386% Distribution WD O 3.974% Distribution WD O-SO 3.036% Distribution WD SO 3.137% Distribution WD SO-S 2.401% Distribution WD S 3.406% Distribution WD S-SW 3.650% Distribution WD SW 2.868% Distribution WD SW-W 5.768% Distribution WD W 18.455% Distribution WD W-NW 14.147% Distribution WD NW 4.499% Distribution WD NW-N 13.433% Distribution WD N 10.209% Rain days >0.0 mm Month 5 Rain days >2.0 mm Month 2 Rain days >20.0 mm Month 0 Ice days max < 0°C 0 Cold days min < 0°C 0 Cool days max < 10°C 0 Summer days max >=25°C 17 Hot days max >=30°C 6 Last year same Month: Ice days max < 0°C 0 Last year same Month: Cold days min < 0°C 0 Last year same Month: Cool days max < 10°C 0 Last year same Month: Summer days max >=25°C 27 Last year same Month: Hot days max >=30°C 12 © 1999-2017 Werner Krenn / Mischa Thurnherr - Weatherstation Operating- and Data Acquisition Software - V2.98.8


  ©UMa Astronomy

Creative Commons License
Meteo by UMa Astronomy is licensed under a Creative Commons Attribution-NonCommercial-NoDerivs 3.0 Unported License.