Blahová 03/01/2021
 Last update: 23:28
Updated every 10 minutes
 Cold 
 Akt.temp: 0.7 °C
 Max.temp: 12.7 °C
 Min.temp: -0.6 °C
 Devpoint: -3 °C
 Wind speed: 0.7 m/s
 Wind direction: N-NW
 Max wind gust: 8.4 m/s
 Precipitation: 0.0 mm
 Pressure: 1032.6  hPa
 P.tendency: +0.4  hPa/3h
 Humidity: 76 %
 Abs.humidity: 3.86 g/m3
Ground temperature
Min.temp -2.9 °C /03:11
Akt.temp
-1.9 °C

2021: Jan | Feb | Mar | Apr | May | Jun | Jul | Aug | Sep | Oct | Nov | Dec 
2020: Jan | Feb | Mar | Apr | May | Jun | Jul | Aug | Sep | Oct | Nov | Dec 
2019: Jan | Feb | Mar | Apr | May | Jun | Jul | Aug | Sep | Oct | Nov | Dec 
2018: Jan | Feb | Mar | Apr | May | Jun | Jul | Aug | Sep | Oct | Nov | Dec 
2017: Jan | Feb | Mar | Apr | May | Jun | Jul | Aug | Sep | Oct | Nov | Dec 
2016: Jan | Feb | Mar | Apr | May | Jun | Jul | Aug | Sep | Oct | Nov | Dec 
2015: Jan | Feb | Mar | Apr | May | Jun | Jul | Aug | Sep | Oct | Nov | Dec 
2014: Jan | Feb | Mar | Apr | May | Jun | Jul | Aug | Sep | Oct | Nov | Dec 
2013: Jan | Feb | Mar | Apr | May | Jun | Jul | Aug | Sep | Oct | Nov | Dec 
2012: Jan | Feb | Mar | Apr | May | Jun | Jul | Aug | Sep | Oct | Nov | Dec 
2011: Jan | Feb | Mar | Apr | May | Jun | Jul | Aug | Sep | Oct | Nov | Dec 
2010: Jan | Feb | Mar | Apr | May | Jun | Jul | Aug | Sep | Oct | Nov | Dec 
2009: Jan | Feb | Mar | Apr | May | Jun | Jul | Aug | Sep | Oct | Nov | Dec 
2008: Jan | Feb | Mar | Apr | May | Jun | Jul | Aug | Sep | Oct | Nov | Dec 
2007: Jan | Feb | Mar | Apr | May | Jun | Jul | Aug | Sep | Oct | Nov | Dec 

Report for 2021 03
MONTHLY CLIMATOLOGICAL SUMMARY for February 2021 CITY: Blahova ELEV: 119 m LAT: 48° 5' 18" North LONG: 17° 32' 39" East TEMPERATURE (°C), BAROMETER (hPa), RAIN (mm), WIND SPEED (m/s) MEAN TEMPERATURE WIND DOM trans Ground DAY TEMP HIGH TIME LOW TIME HUM Baro Rain SPEED HIGH TIME DIR pirat min.temp time ------------------------------------------------------------------------------------------------------------------------------ 1 -1.6 2.8 14:17 -6.0 07:39 75 1001.6 0.0 1.0 3.8 14:40 E 0.5 -6.7 07:34 2 0.5 2.4 15:27 -2.0 00:13 75 1008.2 0.0 1.6 6.3 18:41 E-SE 0.4 -3.8 00:36 3 3.4 6.0 14:45 1.1 06:49 70 1005.9 0.5 1.7 6.0 16:59 E-NE 0.6 0.6 06:54 4 7.3 12.4 13:35 1.3 23:24 70 1012.8 0.0 2.2 11.8 06:00 W 1.0 -0.5 23:05 5 6.0 9.5 13:52 1.3 00:00 74 1014.5 0.0 1.6 3.8 12:19 N-NE 0.6 0.6 00:00 6 5.1 6.0 13:22 3.8 23:58 69 1011.1 0.3 2.0 5.7 20:40 E-NE 0.6 3.2 23:58 7 3.5 4.1 23:53 3.0 09:16 69 999.4 2.9 2.8 8.6 08:30 E-NE 0.5 2.3 08:42 8 1.2 4.8 03:00 -0.8 22:35 72 995.6 2.7 1.6 9.8 12:30 N-NW 0.5 -1.8 23:57 9 -0.1 1.4 11:50 -2.6 23:52 72 1000.8 4.5 0.7 2.7 12:37 N-NW 0.4 -2.0 00:26 10 0.2 1.0 15:12 -3.8 23:58 71 1001.3 8.5 1.7 12.2 23:13 N-NW 0.4 -3.4 23:58 11 -5.9 -3.5 15:04 -8.0 23:57 74 1019.3 0.1 3.6 12.6 17:30 W-NW 0.2 -8.3 23:53 12 -6.9 -3.2 12:34 -10.5 06:32 73 1030.7 0.0 3.6 9.8 12:37 W-NW 0.3 -11.5 06:30 13 -5.0 -1.4 14:00 -10.1 05:42 75 1035.2 0.0 2.3 6.9 08:34 W-NW 0.3 -10.9 05:16 14 -3.9 0.4 14:40 -7.2 07:04 73 1038.3 0.0 2.6 9.8 12:15 W-NW 0.4 -8.4 06:46 15 -4.6 2.7 14:54 -10.6 06:36 74 1032.2 0.0 0.3 3.3 14:00 W 0.5 -11.7 06:30 16 -1.3 -0.1 15:04 -5.0 00:00 77 1021.3 0.2 1.3 3.6 09:30 E-NE 0.3 -4.8 00:00 17 2.6 5.3 15:36 -1.1 05:40 75 1018.6 2.1 1.3 5.4 21:51 E-NE 0.4 -1.4 05:30 18 4.2 11.3 13:34 1.3 21:30 72 1020.6 0.0 1.2 5.5 00:40 W 1.1 -1.8 21:28 19 3.7 6.5 14:10 1.3 00:46 73 1021.2 0.3 1.1 6.1 03:40 E-NE 0.5 -0.5 00:01 20 1.9 4.1 17:18 -0.6 05:30 70 1026.2 0.0 2.9 6.8 22:39 N 0.5 -0.6 05:32 21 3.3 6.7 15:50 1.3 04:12 68 1026.0 0.0 3.8 8.3 11:39 E 0.6 0.8 04:44 22 6.4 12.4 14:22 1.7 06:44 72 1026.1 0.0 2.0 7.1 10:19 E 0.9 -0.1 06:52 23 5.2 12.6 15:02 -0.1 06:28 70 1033.2 0.0 0.4 3.1 14:49 W-NW 1.1 -2.0 05:46 24 7.2 15.0 14:18 -0.4 07:02 71 1033.8 0.0 0.7 2.4 23:40 E 1.1 -0.5 05:48 25 10.1 19.1 14:46 2.9 06:00 67 1029.8 0.0 1.9 5.7 13:39 E 2.1 0.4 06:24 26 9.4 19.0 14:28 2.2 07:24 68 1025.4 0.0 1.2 6.4 23:50 W 2.0 0.2 03:14 27 4.9 10.1 00:02 2.1 23:57 74 1032.9 0.0 2.7 12.3 00:39 W-NW 0.7 0.4 23:13 28 3.6 10.6 14:46 0.1 22:50 71 1031.9 0.0 1.2 9.3 10:30 W-NW 1.0 -2.5 22:47 ------------------------------------------------------------------------------------------------------------------------------ Avg: 2.2 19.1 25 -10.6 15 72 1019.8 22.2 1.8 12.6 11 E 19.5 Wind Run 5268.3 km Calm Values 0 Calm in % 0.0 % Sun 112:45 h Distribution WD Values 36543 Distribution WD N-NO 6.365 % Distribution WD NO 4.731 % Distribution WD NO-O 12.886 % Distribution WD O 14.118 % Distribution WD O-SO 7.066 % Distribution WD SO 2.996 % Distribution WD SO-S 1.130 % Distribution WD S 1.163 % Distribution WD S-SW 2.014 % Distribution WD SW 2.397 % Distribution WD SW-W 4.411 % Distribution WD W 10.412 % Distribution WD W-NW 11.283 % Distribution WD NW 3.820 % Distribution WD NW-N 10.344 % Distribution WD N 4.863 % Rain days >0.0 mm Month 10 Rain days >2.0 mm Month 5 Rain days >20.0 mm Month 0 Ice days max < 0°C 4 Cold days min < 0°C 15 Cool days max < 10°C 19 Summer days max >=25°C 0 Hot days max >=30°C 0 Last year same Month: Ice days max < 0°C 0 Last year same Month: Cold days min < 0°C 9 Last year same Month: Cool days max < 10°C 14 Last year same Month: Summer days max >=25°C 0 Last year same Month: Hot days max >=30°C 0 © 1999-2019 Werner Krenn - Weatherstation Operating- and Data Acquisition Software - V2.99.8.7


  ©UMa Astronomy

Creative Commons License
Meteo by UMa Astronomy is licensed under a Creative Commons Attribution-NonCommercial-NoDerivs 3.0 Unported License.