Blahová 17.05.2021
 Last update: 14:17
Updated every 10 minutes
 Cold 
 Akt.temp: 13,3 °C
 Max.temp: 13,7 °C
 Min.temp: 12,1 °C
 Devpoint: 6.8 °C
 Wind speed: 2,5 m/s
 Wind direction: W
 Max wind gust: 7,5 m/s
 Precipitation: 31,9 mm
 Pressure: 1004,3  hPa
 P.tendency: +0,9  hPa/3h
 Humidity: 66 %
 Abs.humidity: 7.48 g/m3
Ground temperature
Min.temp /
Akt.temp

2021: Jan | Feb | Mar | Apr | May | Jun | Jul | Aug | Sep | Oct | Nov | Dec 
2020: Jan | Feb | Mar | Apr | May | Jun | Jul | Aug | Sep | Oct | Nov | Dec 
2019: Jan | Feb | Mar | Apr | May | Jun | Jul | Aug | Sep | Oct | Nov | Dec 
2018: Jan | Feb | Mar | Apr | May | Jun | Jul | Aug | Sep | Oct | Nov | Dec 
2017: Jan | Feb | Mar | Apr | May | Jun | Jul | Aug | Sep | Oct | Nov | Dec 
2016: Jan | Feb | Mar | Apr | May | Jun | Jul | Aug | Sep | Oct | Nov | Dec 
2015: Jan | Feb | Mar | Apr | May | Jun | Jul | Aug | Sep | Oct | Nov | Dec 
2014: Jan | Feb | Mar | Apr | May | Jun | Jul | Aug | Sep | Oct | Nov | Dec 
2013: Jan | Feb | Mar | Apr | May | Jun | Jul | Aug | Sep | Oct | Nov | Dec 
2012: Jan | Feb | Mar | Apr | May | Jun | Jul | Aug | Sep | Oct | Nov | Dec 
2011: Jan | Feb | Mar | Apr | May | Jun | Jul | Aug | Sep | Oct | Nov | Dec 
2010: Jan | Feb | Mar | Apr | May | Jun | Jul | Aug | Sep | Oct | Nov | Dec 
2009: Jan | Feb | Mar | Apr | May | Jun | Jul | Aug | Sep | Oct | Nov | Dec 
2008: Jan | Feb | Mar | Apr | May | Jun | Jul | Aug | Sep | Oct | Nov | Dec 
2007: Jan | Feb | Mar | Apr | May | Jun | Jul | Aug | Sep | Oct | Nov | Dec 

Report for 2021 05
MONTHLY CLIMATOLOGICAL SUMMARY for máj 2021 CITY: Blahova ELEV: -117 m LAT: 48° 5' 17" North LONG: 17° 32' 38" East TEMPERATURE (°C), BAROMETER (hPa), RAIN (mm), WIND SPEED (m/s) MEAN TEMPERATURE WIND DOM trans Ground DAY TEMP HIGH TIME LOW TIME HUM Baro Rain SPEED HIGH TIME DIR pirat min.temp time ------------------------------------------------------------------------------------------------------------------------------ 1 17,6 23,1 13:16 9,2 05:04 63 1008,6 0,0 1,3 6,5 08:47 E 0,0 7,2 04:24 2 13,4 17,2 05:38 9,5 22:00 69 1007,4 1,3 3,6 13,6 10:27 W 0,0 9,2 23:33 3 10,3 15,0 16:42 4,5 23:38 60 1018,4 0,0 2,2 9,3 09:57 W 0,0 3,0 22:52 4 12,8 20,2 13:52 3,2 04:00 60 1011,5 0,0 3,0 10,8 14:07 SE 0,0 1,7 04:00 5 12,0 22,7 12:40 7,4 23:25 67 1004,8 4,8 2,1 12,7 13:57 W 0,0 6,2 05:16 6 10,5 14,3 13:20 6,1 04:50 67 1011,6 0,0 2,9 10,6 14:46 S 0,0 5,2 02:58 7 10,5 15,7 10:51 5,6 23:59 72 1009,3 5,7 2,0 7,4 14:27 S 0,0 4,2 23:57 8 10,1 16,1 13:29 2,5 03:55 62 1019,3 0,0 1,5 5,1 17:08 W 0,0 0,8 03:53 9 14,6 22,1 13:23 5,5 02:27 56 1017,8 0,0 2,8 9,7 09:28 E-SE 0,0 3,9 02:25 10 18,8 26,4 13:59 9,6 02:59 56 1013,4 0,0 3,5 10,3 11:08 E 0,0 8,6 03:13 11 21,9 29,1 13:33 14,1 03:33 54 1009,8 0,0 3,2 11,0 10:38 E-SE 0,0 12,4 03:35 12 16,0 20,8 09:17 12,9 23:39 70 1005,5 0,8 1,7 8,5 10:18 W 0,0 12,2 23:59 13 12,9 14,5 16:15 12,0 04:05 70 1002,4 4,8 2,2 9,6 23:58 W-SW 0,0 11,6 23:45 14 12,3 16,0 16:23 9,1 23:57 72 1007,0 4,6 2,2 9,4 07:11 W 0,0 6,6 23:59 15 13,3 17,5 15:51 7,4 01:23 70 1008,9 0,8 1,0 6,1 16:08 E-SE 0,0 5,4 01:29 16 15,1 19,1 14:41 11,8 04:11 66 1006,4 0,8 1,6 8,4 08:08 W 0,0 10,4 00:37 17 13,7 13,7 00:00 13,7 00:00 73 1004,0 0,0 1,1 1,4 00:00 E 0,0 12,3 00:00 ------------------------------------------------------------------------------------------------------------------------------ Avg: 13,9 29,1 11 2,5 8 65 1009,8 23,6 2,2 13,6 2 E-SE 0,0 Wind Run 0.0 km Calm Values 0 Calm in % 0,0 % Sun 147:09 h Distribution WD Values 21961 Distribution WD N-NO 1,694 % Distribution WD NO 1,321 % Distribution WD NO-O 4,440 % Distribution WD O 10,787 % Distribution WD O-SO 13,733 % Distribution WD SO 11,302 % Distribution WD SO-S 4,449 % Distribution WD S 5,956 % Distribution WD S-SW 6,284 % Distribution WD SW 6,507 % Distribution WD SW-W 7,909 % Distribution WD W 13,151 % Distribution WD W-NW 7,053 % Distribution WD NW 1,475 % Distribution WD NW-N 2,527 % Distribution WD N 1,412 % Rain days >0,0 mm Month 8 Rain days >2,0 mm Month 4 Rain days >20,0 mm Month 0 Ice days max < 0°C 0 Cold days min < 0°C 0 Cool days max < 10°C 0 Summer days max >=25°C 2 Hot days max >=30°C 0 Last year same Month: Ice days max < 0°C 0 Last year same Month: Cold days min < 0°C 0 Last year same Month: Cool days max < 10°C 0 Last year same Month: Summer days max >=25°C 4 Last year same Month: Hot days max >=30°C 0 © 1999-2021 Werner Krenn - Weatherstation Operating- and Data Acquisition Software - V2.99.8.9


  ©UMa Astronomy

Creative Commons License
Meteo by UMa Astronomy is licensed under a Creative Commons Attribution-NonCommercial-NoDerivs 3.0 Unported License.